h + 4. Calculate b(8).
12
Let g(l) = -2*l**3 - l - 7. What is g(0)?
-7
Let y(x) = 2*x + 33. What is y(-21)?
-9
Let y(k) = k**3 + 16*k**2 + 3*k + 40. What is y(-16)?
-8
Let t(k) = 3*k**2 - 23*k + 14. Determine t(6).
-16
Let d(y) = 19*y + 87. Give d(-5).
-8
Let g(r) = 2*r**2 + 3*r + 2. What is g(-4)?
22
Let k(c) = -26*c - 107. What is k(-5)?
23
Let o(j) = j**2 - 2*j - 6. Give o(0).
-6
Let c(q) = q**2 - 3*q - 28. Determine c(7).
0
Let w(p) = p**3 - p**2 - p - 57. Determine w(0).
-57
Let b(i) = i**2 + 12*i + 13. Calculate b(-12).
13
Let b(i) = 3*i**2 + 13*i - 59. Determine b(6).
127
Let o(t) = -t**2 + 27*t + 74. Give o(30).
-16
Let j(c) = -21*c + 9. Give j(3).
-54
Let l(y) = 3*y**3 - 164*y**2 - 56*y + 58. Determine l(55).
3
Let i(g) = -g**2 + g - 33. Calculate i(0).
-33
Let t(m) = m**3 - 2*m**2 - 5*m + 3. Give t(5).
53
Let q(i) = i**2 + 2*i - 12. What is q(-8)?
36
Let d(k) = -k**3 + k**2 + 2*k + 2. Give d(0).
2
Let w(s) = -6*s + 57. Calculate w(13).
-21
Let x(d) = d**2 + 6*d - 1. Determine x(-6).
-1
Let v(i) = 4*i**2 + 7*i + 25. Calculate v(-5).
90
Let g(h) = -h**2 - 5*h - 7. Give g(-4).
-3
Let j(q) = -13*q + 101. Determine j(16).
-107
Let u(j) = -j**2 + 23*j + 12. Give u(24).
-12
Let n(w) = w**3 + 4*w**2 - 13*w - 6. What is n(-6)?
0
Let w(i) = -i**3 + 7*i**2 - 5*i + 7. Give w(4).
35
Let w(i) = i**2 + 13*i + 7. Give w(0).
7
Let l(n) = n - 34. Determine l(40).
6
Let p(v) = v - 22. What is p(2)?
-20
Let t(g) = -55*g + 89. Give t(2).
-21
Let m(s) = s**3 + 27*s**2 + 66*s - 39. Determine m(-24).
105
Let b(z) = z**3 - 3*z - 2. Give b(-4).
-54
Let r(k) = -k**3 - k**2 + 3*k - 5. Give r(-3).
4
Let f(b) = -b**3 - b - 4. Determine f(0).
-4
Let g(k) = -8*k**2 - k + 4. Give g(3).
-71
Let r(y) = 3*y + 35. Give r(-9).
8
Let d(g) = -g - 10. Give d(-2).
-8
Let s(q) = q**3 + 7*q**2 + 15*q + 23. Calculate s(-4).
11
Let a(b) = b**3 + 5*b**2 - 5*b - 3. What is a(-5)?
22
Let s(i) = 6*i**2 - 59*i - 6. Calculate s(10).
4
Let y(z) = -z - 2. What is y(-3)?
1
Let v(b) = -b**3 - 10*b**2 + 12*b + 4. Calculate v(-11).
-7
Let q(p) = 16*p + 11. Give q(6).
107
Let y(x) = -5*x - 19. What is y(-5)?
6
Let t(y) = y**2 - 11*y - 3. Determine t(0).
-3
Let o(u) = 3*u**3 - 8*u**2 + 8*u - 4. What is o(2)?
4
Let l(s) = -s**2 + 17*s - 60. Calculate l(6).
6
Let j(w) = w**2 - 2*w - 17. Give j(6).
7
Let q(s) = s**3 - 8*s**2 + 7*s + 2. What is q(7)?
2
Let w(m) = 6*m**2 + 24*m - 5. Determine w(-6).
67
Let t(h) = -h**3 + 31*h**2 + 64*h + 84. What is t(33)?
18
Let k(a) = a**2 - 20*a + 58. What is k(17)?
7
Let l(z) = -z**2 + 18*z - 32. What is l(13)?
33
Let d(h) = h**3 + 11*h**2 + 8*h + 8. Give d(-10).
28
Let r(x) = x. Determine r(-4).
-4
Let s(a) = -a**2 - 26*a - 70. Determine s(-24).
-22
Let c(b) = -b**3 + 7*b**2 + 4*b - 14. Determine c(8).
-46
Let v(f) = -2*f**3 - 13*f**2 - 5*f - 2. Give v(-6).
-8
Let x(r) = -37*r**2 - 2*r + 1. Determine x(1).
-38
Let t(u) = -u**2 + 2*u - 2. Determine t(-6).
-50
Let t(j) = -4*j**2 + 13*j + 15. Calculate t(4).
3
Let q(v) = -v - 13. Calculate q(-2).
-11
Let s(q) = -2*q - 21. Calculate s(-9).
-3
Let u(n) = -n**2 - 9*n + 40. What is u(-12)?
4
Let s(z) = 3*z + 10. Calculate s(-9).
-17
Let c(w) = 3*w - 11. Determine c(0).
-11
Let i(w) = -w**3 + 28*w**2 - 27*w - 9. What is i(27)?
-9
Let u(l) = l**3 - 17*l**2 + 29*l + 31. Calculate u(15).
16
Let o(c) = 30*c - 575. Determine o(19).
-5
Let c(x) = -x**3 + 4*x**2 + 5*x - 10. Determine c(5).
-10
Let j(z) = z**2 + 4*z. Give j(-7).
21
Let c(l) = -l**3 + 18*l**2 - 2*l + 31. Calculate c(18).
-5
Let n(i) = 272*i - 283. Give n(1).
-11
Let j(v) = v**2 + v - 6. Determine j(0).
-6
Let d(o) = o**3 + 5*o**2 - o - 1. What is d(-2)?
13
Let u(s) = -8*s + 1. Give u(-4).
33
Let b(t) = -t + 9. What is b(-4)?
13
Let d(v) = v**3 - 6*v**2 + 3*v - 8. Give d(6).
10
Let p(h) = 11*h**2 + 7*h - 6. What is p(1)?
12
Let f(c) = -c**3 - 3*c**2 + 80*c + 345. Give f(-5).
-5
Let b(u) = -2*u**2 + 51*u - 309. Calculate b(10).
1
Let m(w) = 2*w**2 + 52*w + 324. Give m(-15).
-6
Let m(p) = -p**3 - 15*p**2 - 11*p + 27. Give m(-14).
-15
Let y(w) = 10*w - 13. Give y(2).
7
Let j(i) = -i**3 - 9*i**2 - 20*i - 9. What is j(-4)?
-9
Let w(d) = d**3 - 10*d**2 + 10*d - 2. Determine w(9).
7
Let r(y) = -5*y - 98. Calculate r(-19).
-3
Let z(q) = -q**3 + 54*q**2 + 57*q - 114. Give z(55).
-4
Let n(l) = 3*l**3 + 4*l**2 + 3*l + 2. Calculate n(-3).
-52
Let p(m) = m**2 + 15*m - 1. Give p(-15).
-1
Let b(z) = -z**3 - 5*z**2 - 7. Calculate b(-4).
-23
Let p(l) = 6*l**2 + 6*l - 20. Determine p(2).
16
Let v(j) = -2*j**2 - 4*j + 56. What is v(5)?
-14
Let x(c) = -c**3 - 5*c**2 + 17*c + 22. Determine x(-6).
-44
Let c(h) = h**3 - 20*h + 30. What is c(3)?
-3
Let j(b) = b**3 - 3*b**2 - 5*b + 6. Determine j(4).
2
Let t(r) = 47*r - 320. What is t(7)?
9
Let z(w) = -w**2 - 2*w + 4. Determine z(3).
-11
Let v(r) = -54*r**3 + 2*r**2 + 2*r + 1. Determine v(-1).
55
Let f(w) = 25*w**3 + 2*w - 1. Determine f(1).
26
Let l(j) = j**2 - 16. Calculate l(0).
-16
Let x(v) = 2*v**2 + 32*v - 69. Determine x(-18).
3
Let g(y) = 6*y - 2. What is g(-6)?
-38
Let b(l) = l - 4. Determine b(4).
0
Let l(v) = -v**2 - 8*v + 57. Determine l(-12).
9
Let l(q) = -q - 1. Determine l(-24).
23
Let z(k) = -2*k**3 + 7*k**2 - 3*k - 5. Calculate z(4).
-33
Let m(y) = -2*y**3 - 13*y**2 - 15*y + 4. Calculate m(-5).
4
Let d(s) = -s**3 + 9*s**2 + 16*s + 6. Calculate d(10).
66
Let b(r) = 7*r + 15. What is b(-5)?
-20
Let t(x) = 5*x - 42. Give t(7).
-7
Let x(y) = -3*y + 14. Determine x(3).
5
Let j(i) = -i**3 - i + 59. What is j(0)?
59
Let y(k) = 2*k**3 + 4*k**2 - k - 2. Determine y(-3).
-17
Let m(g) = 3*g**2 - 11*g + 3. Give m(6).
45
Let a(v) = 2*v**3 + 4*v**2 + v + 3. Determine a(-3).
-18
Let z(a) = -12*a + 141. Determine z(14).
-27
Let q(p) = -p**2 + 4*p + 43. What is q(8)?
11
Let c(h) = h**2 + 25*h - 23. Give c(-21).
-107
Let g(f) = 4*f - 2. What is g(-9)?
-38
Let f(x) = -x**3 - 9*x**2 + 6*x - 2. Give f(-10).
38
Let y(x) = x**3 - 3*x**2 - 62*x + 264. Calculate y(5).
4
Let f(r) = -5*r + 5. Give f(2).
-5
Let q(t) = -6*t + 15. What is q(-6)?
51
Let i(x) = 21*x**3 - 7*x**2 - 7*x - 2. Give i(-1).
-23
Let b(u) = -u**3 + u**2 - 43. Calculate b(0).
-43
Let c(t) = t**2 + 14*t - 136. Calculate c(7).
11
Let t(i) = -8*i - 34. What is t(-4)?
-2
Let h(a) = a**3 + 13*a**2 + 29*a - 15. Determine h(-10).
-5
Let z(a) = a + 53. Give z(-46).
7
Let z(p) = 2*p - 1. Calculate z(-4).
-9
Let p(d) = -6*d + 51. Give p(3).
33
Let a(t) = t**3 + 17*t**2 + 31*t - 15. Determine a(-15).
-30
Let b(c) = 4*c - 14. Determine b(8).
18
Let l(p) = 2*p**2 - 19*p - 63. What is l(12)?
-3
Let f(a) = a**2 - 5*a - 39. Calculate f(10).
11
Let c(u) = -u**2 - 5*u + 13. Determine c(-7).
-1
Let f(z) = z**2 - 34*z + 92. Calculate f(31).
-1
Let w(h) = -h**3 - 8*h**2 - 3*h - 10. Calculate w(-8).
14
Let t(f) = f**3 - 16*f**2 + 14*f + 18. Determine t(15).
3
Let o(x) = -13*x - 68. What is o(-5)?
-3
Let k(v) = 11*v - 19. Calculate k(6).
47
Let z(l) = -l**3 - 7*l**2 - 2. Determine z(-7).
-2
Let i(v) = v + 19. Calculate i(-15).
4
Let p(f) = 3*f + 34. Determine p(-14).
-8
Let b(z) = z**2 + 7*z + 2. What is b(-5)?
-8
Let x(k) = 41*k + 1. Determine x(1).
42
Let k(p) = -p**2 + 15*p + 107. Give k(19).
31
Let m(k) = -k**3 + 15*k**2 - 14*k + 7. Give m(14).
7
Let f(w) = w**2 - 9*w + 5. Determine f(8).
-3
Let g(f) = 2*f - 5. Determine g(0).
-5
Let h(c) = -5*c + 179. Determine h(36).
-1
Let b(z) = 5*z + 91. Determine b(-14).
21
Let l(k) = -2*k - 3. What is l(18)?
-39
Let i(m) = -4*m + 102. Determine i(22).
14
Let q(f) = -3*f + 5. Calculate q(3).
-4
Let t(b) = -b**3 + 8*b**2 - 14*b + 8. What is t(6)?
-4
Let v(q) = -q**2 - 4*q + 31. Give v(5).
-14
Let c(j) = -3*j**2 + 113*j + 45. Give c(38).
7
Let w(h) = h**2 + 3*h + 3. What is w(-3)?
3
Let r(i) = -i**3 - 3*i**2 + 23*i + 90. What is r(-4)?
14
Let x(r) = r**2 + 21*r + 96. Calculate x(-14).
-2
Let h(f) = -f**2 + f + 3. Determine h(4).
-9
Let n(x) = -2*x + 7. Calculate n(6).
-5
Let x(k) = 16*k - 2. Calculate x(-1).
-18
Let r(y) = -y**2 + 5*y + 17. What is r(-7)?
-67
Let r(o) = o**2 - 5*o - 57. Calculate r(10).
-7
Let g(x) = -22*x - 2. Give g(-1).
20
Let t(r) = 4*r**2 + 3*r + 5. Calculate t(-5).
90
Let y(r) = 29*r**2 + 138*r - 29. Give y(-5).
6
Let a(w) = -31*w**3 - 3*w - 4. Determine a(-1).
30
Let d(f) = f**2 + 5*f + 5. Determine d(-5).
5
Let a(u) = u - 31. G